*o**3 - 4*o**2 - 2*o + 1. Let g be u(-2). Let k(w) be the second derivative of w**3/3 - 3*w**2/2 + 2*w. Calculate k(g).
7
Let j(w) = -3*w + 5. Let y be j(4). Let p = y - -11. Let f(r) = r**3 - 4*r**2 + p*r - 2 - 4*r + 4*r. Determine f(2).
-2
Let l = 16 + -8. Suppose 0 = u + 3*u + l, -3*r - u - 11 = 0. Let h be r + 0 - (-5 + -2). Let s(v) = v**3 - 3*v**2 - 6*v + 2. What is s(h)?
-6
Suppose 0 = 2*q - 2 - 4. Suppose -5*c + 12 = -2*d, q*d + c - 8 - 8 = 0. Let o(p) = p**3 - 5*p**2 + 7*p - 5. Give o(d).
7
Let j(t) = 2*t**2 + 0*t**3 + 4 - 3*t**2 - t**3 + t. Let r = -50 - -50. Calculate j(r).
4
Let l = 10 + -4. Suppose -y + l = y. Let m(a) = 2*a**3 - 3*a**2 + 11*a - 6. Let n(w) = w**3 - w**2 + 6*w - 3. Let c(p) = 3*m(p) - 5*n(p). Calculate c(y).
-3
Let a(p) = 0 + 1 - 3 - 2*p. Determine a(-4).
6
Let u(d) = -2*d**2 - 2*d. Suppose p - 3*a = 8 + 9, 5*a + 21 = -2*p. Calculate u(p).
-12
Let q(y) = 3*y**2 + 3*y - 4. Let t(z) = -z**2 + 1. Let c(f) = -q(f) + t(f). Let x(j) = 3*j**2 + 3*j - 4. Let o(m) = -2*c(m) - 3*x(m). Calculate o(2).
-8
Let c(u) = 2*u**2 + 6*u - 4. Let h(x) = -x**2 - 3*x + 2. Let v(g) = -6*c(g) - 13*h(g). Let t(i) = -i + 25. Let k be t(18). Let f = k - 5. Calculate v(f).
8
Let n(k) = -3*k**3 - 11*k**2 + 6*k - 6. Let f(l) = 2*l**3 + 6*l**2 - 3*l + 3. Let o(m) = -5*f(m) - 3*n(m). Give o(3).
-6
Suppose -5*b = 4*z + 26, 9 + 25 = -5*b + 4*z. Let u(m) = m - 7. What is u(b)?
-13
Let b(y) = -2*y + 3*y - y - y - 8. Let r be b(-10). Let j = 1 - r. Let h(a) = -a**2 - a + 1. Determine h(j).
1
Let v(j) = -j**2 + 8*j - 6. Let k be v(6). Let r be (-6)/k - 5*1. Let u(n) = 1 + 5*n + 2*n**2 - n**2 + n. Calculate u(r).
1
Let x(h) = -h - 13. Let l(k) = 2*k - 2. Let a be l(1). Let v be (-3)/6*a/3. Calculate x(v).
-13
Let x(a) = -2*a**3 - a**2 - a + 4. Let w(b) = b**3 - 4. Let j(f) = -3*w(f) - 2*x(f). Determine j(-3).
-11
Let a(j) = -2*j**3 - 23*j**2 - 16*j + 3. Let x(i) = -i**3 - 12*i**2 - 8*i + 2. Let t(m) = -4*a(m) + 7*x(m). Give t(-7).
-5
Let s be (-2)/17 - (-192)/(-102). Let m(v) = v**3 + 2. What is m(s)?
-6
Let k be ((-3)/2)/(2/(-8)). Let j be k*((-27)/6 + 4). Let d(w) = -w**2 - 5*w - 4. What is d(j)?
2
Let v(u) = -u + u**2 - 7*u**2 + 0*u**3 + 4 - u**3. What is v(-6)?
10
Let c(s) = 5 - s - s**2 + 4*s**2 - 2*s**2 + 9*s. Calculate c(-7).
-2
Let u(r) = -6*r**2 - 4*r - 4. Let x be u(-1). Let z(k) be the second derivative of 5/12*k**4 - k + 0 + 1/20*k**5 - 7/6*k**3 - k**2. Calculate z(x).
4
Let g(o) = 3*o - 1. Let j be g(1). Let a(r) = r**3 + 2*r**2 - r + 4. Let t be a(-3). Let l = t - j. Let p(u) = -2*u. Give p(l).
8
Suppose 0*z = -3*z + 18. Let m(i) = -i - 1. Calculate m(z).
-7
Let o(t) = -3*t - 21. Let v be o(-8). Let h(c) = -c**3 + 3*c**2 - 4*c + 2. What is h(v)?
-10
Let t(m) = -m**2 + 1. Let c be 8 + 0 + 2/1. Suppose 0 = n + 3*l + c + 3, 3*l + 11 = n. Give t(n).
0
Suppose 0*x = -4*x + 20. Suppose -x*r - 6 = -2*a, a - 4*a - 5*r + 9 = 0. Let w be 1/(a/(-3*3)). Let y(o) = -o**2. Determine y(w).
-9
Let r be 20/(-50) - 34/(-60). Let d(c) be the second derivative of 0 - c - r*c**3 - 1/2*c**2. Calculate d(2).
-3
Suppose 5*z + 20 = -m, -m - 12 = 3*z - 0*m. Let q(n) be the second derivative of n**3/6 + n**2 + n. Give q(z).
-2
Let o(t) = t**3 + t**2 + t + 4. Let p be o(0). Let c(h) = h - 4*h + 0*h + p*h. Let u(a) = 2*a**2 + 10*a. Let g(r) = -10*c(r) + u(r). What is g(2)?
8
Let b(m) = -m**2 - m + 4. Let o(k) = k. Let q(j) = b(j) + 6*o(j). Suppose -6 = 6*z + 42. Let w be (-1)/((z/(-12))/(-2)). Calculate q(w).
10
Let y be 2 - (1 - (-3 + 1)). Let h = y + 5. Let m(a) = -a + 4. Calculate m(h).
0
Let j(l) = -l**3 + 5*l**2 - l - 2. Let w(v) be the second derivative of v**3/6 + 2*v**2 + v. Suppose 0 = -m - m. Let c be w(m). Give j(c).
10
Let v(r) = r**2 - 4. Let g(x) = x**2 - x + 1. Let b(c) = 2*g(c) + v(c). Calculate b(2).
6
Let a(y) = -4*y**2 - y. Let v = 3 + -5. Let m = v + 3. What is a(m)?
-5
Let j(b) = b - 9. Suppose 0 = -p + 4*p - 18. Suppose 16 = -p*n + 2*n. Let z(v) = 1. Let g(q) = n*z(q) - j(q). Calculate g(5).
0
Let h(z) = 61*z - 3 + 4 - 61*z - 3*z**2. Give h(-1).
-2
Suppose -30 = 2*f + 3*f. Let p(g) = g**3 + 5*g**2 - 7*g - 2. What is p(f)?
4
Suppose -20 = -3*l - l. Let h(j) be the third derivative of -j**6/120 + j**5/15 + 5*j**4/24 + 5*j**3/6 + j**2. Calculate h(l).
5
Let m(r) = r - 2*r + r**2 - 5*r + 4. Suppose -5*y + 8 + 0 = -4*q, q = -y + 7. What is m(q)?
-5
Let z(x) be the third derivative of -x**5/60 - 5*x**4/24 + 2*x**3/3 - 11*x**2. What is z(-6)?
-2
Suppose 0*c = 2*c - 10. Let a(y) be the first derivative of -y**3/3 + 3*y**2 - y + 10. Give a(c).
4
Let h = 7 + -5. Let a(g) = -3 - h*g + 4 + 0*g. Suppose 0 = 3*f + 4 - 16. What is a(f)?
-7
Let v be 4/14 + 692/28. Suppose -20 = -3*x + w, x = 2*x - 4*w - v. Let c(y) = y**2 - 2 - y - x*y**2 - 3 + 3*y**2. What is c(0)?
-5
Let b(t) = 20*t + t**2 - 13*t - t - 4. What is b(-7)?
3
Let z(x) be the second derivative of -3/2*x**2 - 3*x + 1/6*x**4 + 0 - 1/2*x**3 + 1/10*x**5. Let a be -3 - (0 - (-1 + 2)). What is z(a)?
-5
Let u = 17 - 11. Let o(k) be the third derivative of -1/4*k**4 - 4/3*k**3 + 0*k + 1/60*k**5 + 4*k**2 + 0. Calculate o(u).
-8
Let g(f) = 10*f**2 - 1. Suppose 4*j - 2*j - 8 = 0. Suppose -j*n - 4 = -0. What is g(n)?
9
Let n(w) = 15*w**3 + 7 - 20 - 11*w - 3*w**2 + 4*w**2 + w**2. Let l(b) = -7*b**3 - b**2 + 5*b + 6. Let m(j) = 13*l(j) + 6*n(j). Calculate m(0).
0
Let c(b) = -5*b**3 - b**2 + 1. Suppose -2*p - 10 = -4*p + 4*l, -4*p + 4*l = -12. Calculate c(p).
-5
Let g be (8/10)/(4/10). Let u(s) = 0*s**3 - 2*s**3 + 9*s**2 - 2*s**g + 1 + s**3 - 5*s. What is u(6)?
7
Let h(o) = o**3 + 4*o**2 + 3*o - 4. Suppose 2*k + 2 = 5*w - 9, 3*k - 2*w = 0. Suppose 2*v + 9 = k*y - v, -5*v - 31 = 2*y. Give h(y).
-4
Let t(a) = -a**2 + 2*a. Suppose -2*w = 5*f + 7 - 3, -3*f = 2*w. Suppose -5*o = -42 - w. Let r = 12 - o. What is t(r)?
-3
Let g(d) = -3*d - 8. Let h(m) = -6*m - 17. Let x(a) = 9*g(a) - 4*h(a). Determine x(-3).
5
Let j(u) be the second derivative of -u**5/20 - u**4/6 + u**3 + u**2/2 + 16*u. What is j(-4)?
9
Suppose 4*p + 0 = 20. Suppose 2*r + p = 7*r. Let b(x) = 10*x**2 - x. What is b(r)?
9
Let q(p) = 0 + p - 1 + 3 + 3. Suppose 0 = -3*x - 2 + 14. Calculate q(x).
9
Let m(w) = 3*w - 2. Let d(p) = -p - 20. Let y be d(-16). Calculate m(y).
-14
Let r(b) be the first derivative of -5*b**4/24 + b**3/2 - 3*b**2 + 2. Let k(s) be the second derivative of r(s). Give k(4).
-17
Suppose 0 = 3*k - 2*i - 8, 2*k + 4*i + 6 = 3*k. Suppose -k*w = 3*w - o - 12, -2*w = 4*o + 4. Let m(c) = -c + 1. Give m(w).
-1
Let h be ((-4)/5)/(16/160). Let s(z) = -2*z - 1. Calculate s(h).
15
Let g be 2/(-7) - 23/(-7). Let t(p) = -p**2 + 4. Let u be t(0). Let y(n) = 1 + u*n**3 - 4*n**2 - 3*n**3 + 1. Calculate y(g).
-7
Let t(h) be the first derivative of -h**3/3 + 3*h**2 - 4*h + 4. Suppose -6 = -5*x + 4. Let y = x - -2. Calculate t(y).
4
Let h(t) = t**2 - 11*t + 9. Let n be h(10). Let l(j) = 13*j**2 - j. Give l(n).
14
Let w(l) = 5 - 3*l**2 + 4*l**2 + 4*l - 4. What is w(-5)?
6
Let h(x) = -x**2. Let a(n) = -2*n**2 + n + 1. Let i(g) = a(g) + 5*h(g). Suppose j + 1 + 12 = -3*s, 4*j + 12 = -2*s. Let o = 3 + s. What is i(o)?
-7
Let p be 7/(21/(-6)) + -1 - -9. Let d(t) = -t + 1. Calculate d(p).
-5
Let s(o) = o**3 - 6. Suppose 0 = -18*n + 23*n. Calculate s(n).
-6
Suppose 2*i = 5 + 1. Let l(a) be the second derivative of -7/2*a**2 + 2*a + 1/2*a**i + 0. Calculate l(5).
8
Let t(u) = -u**2 - 6*u - 5. Let v(f) = 2*f**2 + 12*f + 11. Let x(q) = -5*t(q) - 2*v(q). Let w = 19 + -23. Determine x(w).
-5
Let j be (-2)/(-2) - (-8 - -4). Let b(p) = p - 1. Calculate b(j).
4
Suppose 0 = -5*b + 7*b - 3*g - 18, -4*b + 20 = -2*g. Let l(o) be the first derivative of -o**3/3 + 5*o**2/2 + o - 10. Determine l(b).
7
Let j(y) = -3. Let q(u) be the second derivative of -u**3/6 - u**2 + u. Let d(l) = -3*j(l) + 2*q(l). Calculate d(5).
-5
Let j be (-3)/(-12) - 22/(-8). Suppose -5*x + j = -12. Let m(g) = 7*g**2 - g - 10. Let i(a) = -6*a**2 + a + 9. Let q(c) = -6*i(c) - 5*m(c). Give q(x).
2
Let a(u) = 3*u - 3 + 5*u - 6*u + 2*u. Calculate a(5).
17
Let o(s) = 4*s**2 - s - 1. Let a be o(-1). Let u(t) = -t**3 + 5*t + 1 + a*t**2 - 8 - 3*t**2 - 5*t**2. Determine u(-5).
-7
Let s(t) be the third derivative of t**6/120 + t**5/30 - t**4/24 - t**3/2 + 13*t**2. What is s(-3)?
-9
Suppose 5 = -i - 2*f, -6*i + 